
3
Let f be 19 + (-56)/(-2) + -11. What is the highest common divisor of 2406 and f?
6
Let i = 155 - 155. Suppose i = 18*x - 4*x - 1386. Let k(s) = 10*s + 1. Let n be k(1). Calculate the highest common divisor of x and n.
11
Let i = 40 - -11. Let j = 56 - i. Suppose 21 = m + 3*s, 0*s - 20 = -2*m + j*s. Calculate the greatest common factor of m and 165.
15
Suppose -3*o + 2194 + 831 = -4*m, 2*o + 5*m = 1963. What is the greatest common factor of 37 and o?
37
Suppose -i + 1 = 0, 0*f - f - 4*i + 11 = 0. Suppose 24*k = f*k - 34. Let o be 1 + k/6*-51. What is the greatest common divisor of 18 and o?
18
Let y be 138 - 92 - 46/2. Suppose 4*r = 3*r + 92. What is the highest common divisor of r and y?
23
Suppose -2*p = 0, 60 + 8 = 2*u - p. Suppose 0 = 7*q - 258 + u. What is the highest common divisor of q and 160?
32
Suppose 9 = 3*y, -4*p = 2*p + 2*y - 174. Let x = 59 + -41. Let i be p/((x/(-8))/(-9)). Calculate the greatest common factor of 7 and i.
7
Let w be 8 + (-4 - (-2 + 1)). Suppose 4*f - 675 = -195. What is the highest common divisor of f and w?
5
Let r(k) = 47*k**2 + 9*k - 2. Let t be r(-1). Let o = 28 + -20. Let d(h) = 17*h + 8. Let u be d(o). What is the highest common divisor of u and t?
36
Suppose -954 + 359 = -5*h. Suppose 6*o - 407 + h = 0. What is the highest common divisor of o and 80?
16
Suppose 2*f = 7 - 1. Suppose 266 = 2*p + f*z - 1760, 3*p + 5*z - 3040 = 0. Let l be (-2)/3 + p/30. What is the greatest common divisor of l and 363?
33
Let n(j) = 3*j**2 + 91*j - 1962. Let h be n(43). Calculate the highest common divisor of h and 69.
23
Let f(u) = u**3 + 5*u**2 - 6*u + 1. Let i be f(-6). Suppose 13 = w + p, -4*p + p = -5*w + 33. What is the greatest common factor of w and i?
1
Suppose 0 = -20*j + 91 + 49. Suppose 8*a = 3*a + 15. Calculate the highest common divisor of a and j.
1
Suppose 30*g - 26*g - 2136 = 0. Let x = g + -279. Suppose 5*v - 1 = 2*q - 190, -522 = -5*q - 4*v. Calculate the greatest common divisor of x and q.
51
Let q(l) = 343*l - 326. Let a be q(2). Calculate the highest common factor of a and 5472.
72
Let w(t) = 4*t**2 + 168*t - 222. Let y be w(-44). What is the highest common divisor of y and 10?
10
Let d be (14/42)/(2/(-6)) + (-22)/(-2). Suppose 2*l + 2 = 0, 0*h = -4*h + 2*l - 2. Let s be 15*(26/6 + h). What is the greatest common factor of s and d?
10
Suppose -6*c - 42 = 42. Let g be (-7)/4*(-2 + c). Let h = 344 + -204. Calculate the greatest common divisor of g and h.
28
Let i be 23/((-115)/(-40)) - -60. What is the highest common divisor of 28 and i?
4
Let l be (-289)/(-4) + 1/(-4). Let p be ((-8232)/280 + 27)/(((-3)/20)/1). Calculate the highest common divisor of p and l.
8
Let b = -319 - -323. Suppose 6*s - 1048 = 4*s - b*c, c = 0. Calculate the highest common divisor of 4 and s.
4
Let r be (-12)/(-9)*3/2. Suppose 0 = 3*x - 3*s - 24, -20 = -r*x + 2*s - 4*s. Let a = -14222 - -14224. Calculate the greatest common divisor of x and a.
1
Let d(t) = -t**3 - 12*t**2 + 8*t + 12. Let w be d(-19). Suppose -11 + w = 3*u. Calculate the greatest common factor of u and 24.
24
Let y be -3*(-4 + (-26)/6). Suppose 5 + y = -6*a. Let j be a/((-3 - -5)/(-20)). What is the highest common factor of 20 and j?
10
Suppose -q - 33 = -4*q. Let p = -2191 + 2194. What is the greatest common factor of p and q?
1
Let q = 190 + -187. Suppose 0 = 3*x - q*n + 8*n + 17, 2*x + 5*n + 18 = 0. Calculate the highest common factor of x and 6.
1
Suppose 4173*r - 371 = 4171*r + 307. What is the highest common factor of 2825 and r?
113
Let w(j) = -11*j + 123. Let p be w(-14). Suppose 7*l = p - 109. What is the highest common factor of 156 and l?
12
Let t be -143 + 120 - 258/(-6). Suppose 6*z - 4900 = z. What is the highest common divisor of t and z?
20
Suppose -2*v + 26 = -v. Let n = -5482 + 5690. Calculate the highest common divisor of n and v.
26
Suppose 15 = h - 6*s + 3*s, 3*s = -12. What is the highest common factor of h and 2361?
3
Suppose 2*l + 4*q + 11 = 41, -3*l = -3*q. Suppose t - 24 = l*t. Let i(o) = -o**2 - 4*o + 14. Let y be i(t). Calculate the highest common divisor of 18 and y.
2
Let p = 13378 + -6080. Calculate the highest common factor of p and 82.
82
Suppose 4*i - 235 = -135. What is the highest common divisor of i and 3925?
25
Let k be (-6)/5*(-1785)/34. What is the highest common factor of 630 and k?
63
Let x = 7934 + -2957. Calculate the highest common factor of x and 63.
63
Let t be ((-12)/(-14))/((-2)/(-28)). Let d = -964 - -684. Let m be 2880/d*(-14)/3. What is the highest common factor of m and t?
12
Let j(n) = n**2 - 7*n + 8. Let y be j(7). Let i(m) = 4*m + 68. Let k be i(-16). Suppose -8*o = -7*o - k. What is the greatest common divisor of y and o?
4
Suppose 0 = 155*x - 165*x - 1930. Let c = -123 - x. Calculate the highest common factor of c and 21.
7
Let d(w) = -36*w**2 - 6*w - 4. Let f be d(3). Let o = f - -368. What is the greatest common divisor of o and 77?
11
Suppose 6*l + 80 - 206 = 0. Let g = l - 3. What is the highest common factor of g and 306?
18
Let a be 10/(-12) + (37030/84)/1. Calculate the greatest common divisor of 30 and a.
10
Let d = 175 + -98. Suppose -83*s + d*s + 756 = 0. What is the greatest common factor of s and 9?
9
Suppose 0 = 11*a - 18 - 37. Suppose -2*d + 147 = a*q - 110, 5*q = 5. Calculate the highest common factor of d and 63.
63
Let q be (10/3)/((-14)/(-84)). Suppose q = 9*s - 14*s. Let p be (-234)/s - (1 + 5/(-2)). Calculate the highest common divisor of p and 10.
10
Let z = 222 + -145. Suppose -3*s + 32 = 4*w - 4*s, 116 = 4*w + 6*s. What is the highest common divisor of w and z?
11
Let a(m) = -2*m - 4. Let h be a(-3). Let b = -405 - -447. Suppose -5*y + 50 = 5*c, 4*c = b*y - 37*y - 5. Calculate the greatest common factor of h and c.
1
Let r be 34 + (-3)/((-9)/(-6)). Let s(c) = 2*c**3 - 3*c**2 - c + 6. Let o be s(3). Suppose -3*a = -78 + o. What is the greatest common factor of r and a?
16
Let r(a) = -5*a**3 + 13*a**2 + 15*a - 43. Let b be r(-5). What is the highest common divisor of 128 and b?
64
Let s(a) = -131*a + 2149. Let l be s(16). What is the highest common factor of l and 53?
53
Let z = 36350 - 16123. What is the highest common factor of 226 and z?
113
Let n(m) = -m**2 - m + 5. Let v be n(0). Let t(o) = -282*o + 847. Let a be t(3). Calculate the greatest common factor of a and v.
1
Suppose 21*k - 29*k = 0. Suppose k = 57*q - 56*q - 50. Calculate the highest common divisor of q and 100.
50
Let r = 39 + -54. Let b = -12 - r. Suppose 2*o + b*i = 19, 5*i + 0 - 17 = 4*o. Calculate the highest common factor of o and 24.
2
Let n = -17 - -61. Let a = 23 + -30. Let x be 33/2*(-1 - a/3). What is the greatest common factor of n and x?
22
Suppose 0 + 2 = d. Suppose -h - 3 = -d*r + 4*h, -r + 4*h = 0. Let y = -53748 + 53792. Calculate the greatest common factor of r and y.
4
Suppose 5*l - 3*h = 53511, -11*l + 15*l - h - 42813 = 0. What is the highest common divisor of l and 48?
48
Let a(p) = -4*p**2 + 3*p. Let x be a(1). Let z be 5 + 0 + -2 + 2 + x. Let y be 6 + -4 + 2 + -25 + 31. What is the highest common factor of y and z?
2
Suppose 166*s = -1374 + 5690. What is the greatest common divisor of s and 1781?
13
Suppose 2*l + 5 = 5*n, 3*n + 4*l - 3 = -0*n. Suppose -n + 6 = -x. Let o(q) = -q**2 - 8*q + 9. Let g be o(x). What is the highest common factor of g and 24?
24
Suppose 3*q + 0*a + 2*a = -441, 15 = -5*a. Let c(x) = 3*x**3 + 8*x**2 + 8*x + 7. Let s be c(-5). Let u = q - s. Calculate the greatest common factor of 7 and u.
7
Suppose -28*p + 6445 = -3327. Let y = p + -325. What is the highest common divisor of y and 136?
8
Let c be 2/((-8)/(-70))*(17 + -11). Suppose -c = -8*q + 3*q. Suppose -5*b + 336 = 3*b. What is the greatest common factor of q and b?
21
Let s(n) = 8*n - 80. Let a be s(10). Suppose 3*p - 18*z + 13*z - 245 = a, 0 = -5*p - z + 399. What is the greatest common factor of 100 and p?
20
Let g(t) = 2*t**2 - 15*t + 20. Let f be g(6). Let n be 25/f + 18/(-36). Suppose 0 = 4*v - 115 - 29. What is the greatest common divisor of n and v?
12
Let g = -704 - -235. Let f = -464 - g. What is the greatest common divisor of f and 205?
5
Let n = 136 - 109. Suppose 0 = 21*d + 2776 - 8824. Calculate the greatest common factor of d and n.
9
Let o be (-1)/4 + 399/12. Let m(l) = 2776*l + 8339. Let y be 